d 461.
461
Calculate the greatest common factor of 1450 and 1533230.
290
Calculate the greatest common factor of 330 and 5140212.
66
Calculate the greatest common factor of 3110 and 46721530.
3110
Calculate the greatest common factor of 353444 and 181832.
28
What is the highest common divisor of 862290 and 1794?
78
What is the highest common factor of 2635662 and 158172?
1614
Calculate the highest common factor of 770731616 and 32.
32
What is the greatest common divisor of 3636 and 525858318?
1818
Calculate the highest common factor of 416406 and 240.
6
Calculate the greatest common divisor of 7167 and 50372065.
2389
What is the highest common divisor of 1084376 and 1958?
178
Calculate the highest common factor of 6573007 and 32903.
2531
What is the highest common divisor of 308 and 31148612?
44
What is the greatest common factor of 90386 and 116186?
86
What is the greatest common divisor of 133120 and 16220160?
10240
What is the highest common divisor of 848 and 59888728?
424
Calculate the highest common factor of 4037823 and 187.
17
Calculate the greatest common factor of 182 and 37082591.
91
What is the highest common divisor of 122 and 81155010?
122
Calculate the highest common factor of 116695021 and 3961.
3961
Calculate the highest common divisor of 1452 and 120868.
44
Calculate the highest common factor of 2206381 and 154171.
1021
What is the highest common factor of 758 and 479098448?
758
What is the highest common factor of 7984 and 22279352?
3992
Calculate the greatest common factor of 110 and 232064745.
55
Calculate the highest common divisor of 3768 and 123684600.
3768
What is the highest common divisor of 1844389 and 327?
109
What is the greatest common divisor of 1056 and 90222?
66
What is the greatest common factor of 4418 and 14194?
94
Calculate the greatest common factor of 4468608 and 87264.
864
What is the greatest common factor of 70 and 729225?
35
What is the greatest common factor of 92021850 and 13598?
1046
What is the highest common factor of 52820285 and 12635?
665
Calculate the greatest common factor of 24273630 and 10.
10
What is the highest common factor of 3865806 and 459081?
1323
What is the highest common divisor of 158652 and 1768689?
351
Calculate the greatest common divisor of 1595 and 5952395.
145
Calculate the greatest common factor of 73 and 244861637.
73
What is the highest common divisor of 711 and 3025621?
79
Calculate the greatest common divisor of 1455665 and 220345.
1735
What is the highest common divisor of 2200 and 351536?
8
What is the greatest common divisor of 379198 and 32?
2
Calculate the greatest common divisor of 2544 and 3640812.
12
Calculate the highest common factor of 1559800 and 921800.
2200
What is the highest common divisor of 1132299 and 441?
63
What is the highest common divisor of 3612 and 37875819?
129
Calculate the highest common divisor of 32126 and 32642.
2
What is the highest common factor of 228 and 5774484?
12
Calculate the highest common factor of 198187 and 731.
43
Calculate the greatest common factor of 46990 and 20239.
37
Calculate the greatest common factor of 897462 and 140598.
1314
Calculate the greatest common divisor of 4370634 and 360.
18
Calculate the highest common divisor of 560 and 2514080.
80
Calculate the greatest common divisor of 2847 and 33002268.
39
What is the highest common divisor of 52 and 798802316?
52
Calculate the highest common factor of 206379 and 2438.
23
What is the highest common divisor of 178 and 52739353?
89
Calculate the highest common factor of 71616 and 487728.
48
Calculate the highest common divisor of 9352 and 1894949.
1169
What is the greatest common divisor of 1390729043 and 781?
781
Calculate the highest common divisor of 442368 and 11475.
27
Calculate the highest common divisor of 3057555 and 12360.
1545
What is the highest common divisor of 1865822 and 36632?
482
What is the highest common factor of 9625738 and 870?
58
What is the highest common divisor of 147885002 and 1754?
1754
Calculate the greatest common factor of 2054144 and 1119348.
4012
Calculate the highest common factor of 9 and 5725953.
9
What is the greatest common divisor of 878976 and 7917651?
6867
Calculate the highest common factor of 313126 and 54868.
946
What is the highest common divisor of 169412 and 4961?
41
What is the greatest common factor of 333 and 77568021?
333
What is the highest common divisor of 648540 and 1908?
36
What is the highest common divisor of 360 and 1133424?
72
Calculate the highest common divisor of 39438 and 91714.
14
What is the highest common divisor of 2085842214 and 316?
158
What is the greatest common divisor of 2605 and 5787268?
521
What is the highest common factor of 1629 and 242964?
9
What is the highest common factor of 429724 and 6589777?
2027
Calculate the greatest common divisor of 10894 and 50739.
13
What is the highest common divisor of 46187551 and 327?
109
What is the greatest common factor of 85005516 and 736?
92
Calculate the greatest common factor of 18 and 41354400.
6
Calculate the highest common divisor of 262 and 34971629.
131
What is the greatest common divisor of 55445486 and 118?
118
What is the greatest common divisor of 188 and 2425220?
4
Calculate the greatest common factor of 97 and 534733937.
97
What is the highest common factor of 111531312 and 1248?
48
What is the highest common factor of 555 and 2606613?
111
What is the highest common divisor of 55567824 and 1248?
624
What is the highest common divisor of 22545 and 919125?
45
What is the greatest common divisor of 26888 and 4024?
8
Calculate the greatest common factor of 59056693 and 57.
19
What is the highest common factor of 6966 and 56862?
162
Calculate the highest common factor of 392 and 10197292.
196
Calculate the highest common divisor of 1131 and 58466262.
87
What is the greatest common factor of 40928 and 438860712?
10232
What is the greatest common divisor of 112435614 and 2430?
486
What is the greatest common factor of 2587109 and 9338?
161
What is the highest common factor of 11146 and 381990139?
5573
What is the highest common factor of 10 and 664589?
1
Calculate the greatest common factor of 30364 and 4500.
4
What is the highest common factor of 28438 and 630002?
118
What is the highest common divisor of 21194359 and 589?
31
What is the highest common divisor of 927582 and 2325?
93
Calculate the greatest common factor of 10316 and 46288.
4
What is the highest common divisor of 16725521 and 16522?
751
Calculate the highest common divisor of 115244725 and 125.
25
Calculate the highest common divisor of 36259218 and 261.
9
Calculate the highest common divisor of 145416 and 152424.
1752
Calculate the greatest common factor of 15906604 and 27244.
3892
Calculate the highest common factor of 44330688 and 624.
48
What is the greatest common factor of 162 and 2173704?
6
What is the highest common factor of 7542 and 84775851?
3771
Calculate the highest common factor of 86454 and 11394.
54
Calculate the highest common divisor of 1940 and 3757101.
97
What is the highest common divisor of 1056300 and 1003800?
2100
What is the greatest common divisor of 279 and 90686377?
31
What is the highest common divisor of 1065896 and 274984?
296
What is the highest common factor of 11487224 and 896?
56
What is the highest common divisor of 34576827 and 45543?
969
What is the highest common divisor of 83 and 4260058?
83
Calculate the greatest common factor of 169521 and 583341.
363
Calculate the greatest common factor of 11492 and 367999.
17
Calculate the greatest common divisor of 7338859 and 16307.
709
What is the highest common divisor of 4224 and 2626602?
66
Calculate the highest common factor of 200430 and 28730.
170
What is the greatest common divisor of 69426646 and 76?
38
What is the greatest common factor of 2503 and 12877935?
2503
Calculate the greatest common factor of 22473153 and 27.
27
Calculate the highest common factor of 1677 and 15542995.
559
Calculate the greatest common factor of 36411450 and 1870.
170
What is the greatest common factor of 1200 and 1487625?
75
Calculate the highest common factor of 13 and 22344933.
13
Calculate the highest common divisor of 428159 and 12688.
61
Calculate the highest common factor of 20 and 1724524.
4
Calculat